{"id":10,"date":"2024-01-23T13:16:12","date_gmt":"2024-01-23T12:16:12","guid":{"rendered":"https:\/\/sylvangardens.hu\/?page_id=10"},"modified":"2024-01-28T11:38:21","modified_gmt":"2024-01-28T10:38:21","slug":"kertfenntartas","status":"publish","type":"page","link":"https:\/\/sylvangardens.hu\/?page_id=10","title":{"rendered":"R\u00f3lunk"},"content":{"rendered":"\n<p><\/p>\n\n\n\n<p>\u00dcdv\u00f6z\u00f6lj\u00fck a VargaKertM\u00f3r honlapj\u00e1n! V\u00e1llalkoz\u00e1sunk egy elk\u00f6telezett kert\u00e9p\u00edt\u0151 \u00e9s kertfenntart\u00f3 v\u00e1llalkoz\u00e1s, amely szenved\u00e9lyesen hisz abban, hogy a term\u00e9szet sz\u00e9ps\u00e9g\u00e9t \u00e9s harm\u00f3ni\u00e1j\u00e1t be lehet hozni a priv\u00e1t \u00e9letter\u00e9be. Magas sz\u00ednvonal\u00fa szolg\u00e1ltat\u00e1sainkkal \u00e9s kreat\u00edv megk\u00f6zel\u00edt\u00e9s\u00fcnkkel a VargaKertM\u00f3r csapata minden \u00fcgyfel\u00e9t egyedi \u00e9s leny\u0171g\u00f6z\u0151 kertekkel l\u00e1tja el.<\/p>\n\n\n\n<p>Mi\u00e9rt v\u00e1lasszon minket?<\/p>\n\n\n\n<ul class=\"wp-block-list\">\n<li><strong>Tapasztalt Szak\u00e9rt\u0151k:<\/strong> Kiemelked\u0151 tapasztalattal \u00e9s szaktud\u00e1ssal rendelkez\u0151 csapatunk garant\u00e1lja, hogy \u00e1lmai kertje val\u00f3s\u00e1gg\u00e1 v\u00e1ljon.<\/li>\n\n\n\n<li><strong>Kreat\u00edv Megk\u00f6zel\u00edt\u00e9s:<\/strong> C\u00e9lunk az, hogy egyedi \u00e9s egy\u00e9ni kerteket teremts\u00fcnk, melyek t\u00fckr\u00f6zik az \u00fcgyfeleink egyedi \u00edzl\u00e9s\u00e9t \u00e9s ig\u00e9nyeit.<\/li>\n\n\n\n<li><strong>Min\u0151s\u00e9gi Anyagok:<\/strong> Csak a legmagasabb min\u0151s\u00e9g\u0171 n\u00f6v\u00e9nyeket, kert\u00e9p\u00edt\u00e9si anyagokat \u00e9s eszk\u00f6z\u00f6ket haszn\u00e1ljuk, hogy hossz\u00fa t\u00e1v\u00fa \u00e9s l\u00e1tv\u00e1nyos eredm\u00e9nyeket \u00e9rj\u00fcnk el.<\/li>\n\n\n\n<li><strong>\u00dcgyf\u00e9lk\u00f6zpont\u00fas\u00e1g:<\/strong> \u00dcgyfeleink el\u00e9gedetts\u00e9ge a legfontosabb sz\u00e1munkra. Rugalmasak vagyunk, \u00e9s minden er\u0151nkkel azon dolgozunk, hogy az elv\u00e1r\u00e1saiknak t\u00f6k\u00e9letesen megfelelj\u00fcnk.<\/li>\n<\/ul>\n\n\n\n<p><strong>Szolg\u00e1ltat\u00e1saink:<\/strong><\/p>\n\n\n\n<div class=\"wp-block-group is-vertical is-layout-flex wp-container-core-group-is-layout-b7faace9 wp-block-group-is-layout-flex\">\n<ul class=\"wp-block-list\">\n<li>Kerttervez\u00e9s \u00e9s -kivitelez\u00e9s (2D, 3D, virtu\u00e1lisan bej\u00e1rhat\u00f3 kertterv)<\/li>\n\n\n\n<li>Kertfenntart\u00e1s (f\u0171- \u00e9s s\u00f6v\u00e9ny ny\u00edr\u00e1s, metsz\u00e9s, karbantart\u00e1s, stb.)<\/li>\n\n\n\n<li>J\u00e1rd\u00e1k kialak\u00edt\u00e1sa<\/li>\n\n\n\n<li>\u00d6nt\u00f6z\u0151rendszerek telep\u00edt\u00e9se<\/li>\n\n\n\n<li>Vir\u00e1g\u00e1gy\u00e1sok \u00e9s n\u00f6v\u00e9ny\u00fcltet\u00e9s<\/li>\n\n\n\n<li>S\u00f6v\u00e9nytelep\u00edt\u00e9s<\/li>\n\n\n\n<li>Belt\u00e9ri kertek <\/li>\n\n\n\n<li>Gyepsz\u0151nyeg \u00e9s f\u00fcves\u00edt\u00e9s<\/li>\n\n\n\n<li>\u00dcvegh\u00e1zak<\/li>\n\n\n\n<li>Szaktan\u00e1csad\u00e1s<\/li>\n<\/ul>\n\n\n\n<p>A VargaKertM\u00f3r csapata izgatottan v\u00e1rja, hogy seg\u00edthessen \u00d6nnek megval\u00f3s\u00edtani \u00e1lmai kertj\u00e9t. Vegye fel vel\u00fcnk a kapcsolatot m\u00e9g ma, \u00e9s hagyja, hogy kertje felvir\u00e1gozzon!<\/p>\n<\/div>\n","protected":false},"excerpt":{"rendered":"<p>\u00dcdv\u00f6z\u00f6lj\u00fck a VargaKertM\u00f3r honlapj\u00e1n! V\u00e1llalkoz\u00e1sunk egy elk\u00f6telezett kert\u00e9p\u00edt\u0151 \u00e9s kertfenntart\u00f3 v\u00e1llalkoz\u00e1s, amely szenved\u00e9lyesen hisz abban, hogy a term\u00e9szet sz\u00e9ps\u00e9g\u00e9t \u00e9s harm\u00f3ni\u00e1j\u00e1t be lehet hozni a priv\u00e1t \u00e9letter\u00e9be. Magas sz\u00ednvonal\u00fa szolg\u00e1ltat\u00e1sainkkal \u00e9s kreat\u00edv megk\u00f6zel\u00edt\u00e9s\u00fcnkkel a VargaKertM\u00f3r csapata minden \u00fcgyfel\u00e9t egyedi \u00e9s leny\u0171g\u00f6z\u0151 kertekkel l\u00e1tja el. Mi\u00e9rt v\u00e1lasszon minket? Szolg\u00e1ltat\u00e1saink: A VargaKertM\u00f3r csapata izgatottan v\u00e1rja, hogy seg\u00edthessen [&hellip;]<\/p>\n","protected":false},"author":1,"featured_media":0,"parent":0,"menu_order":0,"comment_status":"closed","ping_status":"closed","template":"","meta":{"footnotes":""},"class_list":["post-10","page","type-page","status-publish","hentry"],"yoast_head":"<!-- This site is optimized with the Yoast SEO plugin v27.4 - https:\/\/yoast.com\/product\/yoast-seo-wordpress\/ -->\n<title>R\u00f3lunk - VargaKertM\u00f3r<\/title>\n<meta name=\"robots\" content=\"index, follow, max-snippet:-1, max-image-preview:large, max-video-preview:-1\" \/>\n<link rel=\"canonical\" href=\"https:\/\/sylvangardens.hu\/?page_id=10\" \/>\n<meta property=\"og:locale\" content=\"hu_HU\" \/>\n<meta property=\"og:type\" content=\"article\" \/>\n<meta property=\"og:title\" content=\"R\u00f3lunk - VargaKertM\u00f3r\" \/>\n<meta property=\"og:description\" content=\"\u00dcdv\u00f6z\u00f6lj\u00fck a VargaKertM\u00f3r honlapj\u00e1n! V\u00e1llalkoz\u00e1sunk egy elk\u00f6telezett kert\u00e9p\u00edt\u0151 \u00e9s kertfenntart\u00f3 v\u00e1llalkoz\u00e1s, amely szenved\u00e9lyesen hisz abban, hogy a term\u00e9szet sz\u00e9ps\u00e9g\u00e9t \u00e9s harm\u00f3ni\u00e1j\u00e1t be lehet hozni a priv\u00e1t \u00e9letter\u00e9be. Magas sz\u00ednvonal\u00fa szolg\u00e1ltat\u00e1sainkkal \u00e9s kreat\u00edv megk\u00f6zel\u00edt\u00e9s\u00fcnkkel a VargaKertM\u00f3r csapata minden \u00fcgyfel\u00e9t egyedi \u00e9s leny\u0171g\u00f6z\u0151 kertekkel l\u00e1tja el. Mi\u00e9rt v\u00e1lasszon minket? Szolg\u00e1ltat\u00e1saink: A VargaKertM\u00f3r csapata izgatottan v\u00e1rja, hogy seg\u00edthessen [&hellip;]\" \/>\n<meta property=\"og:url\" content=\"https:\/\/sylvangardens.hu\/?page_id=10\" \/>\n<meta property=\"og:site_name\" content=\"VargaKertM\u00f3r\" \/>\n<meta property=\"article:publisher\" content=\"https:\/\/www.facebook.com\/VargaKertMor\" \/>\n<meta property=\"article:modified_time\" content=\"2024-01-28T10:38:21+00:00\" \/>\n<meta name=\"twitter:card\" content=\"summary_large_image\" \/>\n<meta name=\"twitter:label1\" content=\"Becs\u00fclt olvas\u00e1si id\u0151\" \/>\n\t<meta name=\"twitter:data1\" content=\"2 perc\" \/>\n<script type=\"application\/ld+json\" class=\"yoast-schema-graph\">{\"@context\":\"https:\\\/\\\/schema.org\",\"@graph\":[{\"@type\":\"WebPage\",\"@id\":\"https:\\\/\\\/sylvangardens.hu\\\/?page_id=10\",\"url\":\"https:\\\/\\\/sylvangardens.hu\\\/?page_id=10\",\"name\":\"R\u00f3lunk - VargaKertM\u00f3r\",\"isPartOf\":{\"@id\":\"https:\\\/\\\/sylvangardens.hu\\\/#website\"},\"datePublished\":\"2024-01-23T12:16:12+00:00\",\"dateModified\":\"2024-01-28T10:38:21+00:00\",\"breadcrumb\":{\"@id\":\"https:\\\/\\\/sylvangardens.hu\\\/?page_id=10#breadcrumb\"},\"inLanguage\":\"hu\",\"potentialAction\":[{\"@type\":\"ReadAction\",\"target\":[\"https:\\\/\\\/sylvangardens.hu\\\/?page_id=10\"]}]},{\"@type\":\"BreadcrumbList\",\"@id\":\"https:\\\/\\\/sylvangardens.hu\\\/?page_id=10#breadcrumb\",\"itemListElement\":[{\"@type\":\"ListItem\",\"position\":1,\"name\":\"Kezd\u0151lap\",\"item\":\"https:\\\/\\\/sylvangardens.hu\\\/\"},{\"@type\":\"ListItem\",\"position\":2,\"name\":\"R\u00f3lunk\"}]},{\"@type\":\"WebSite\",\"@id\":\"https:\\\/\\\/sylvangardens.hu\\\/#website\",\"url\":\"https:\\\/\\\/sylvangardens.hu\\\/\",\"name\":\"VargaKertM\u00f3r\",\"description\":\"Kert\u00e9szet \u00e9s Kert \u00e9s Park\u00e9p\u00edt\u00e9s\",\"publisher\":{\"@id\":\"https:\\\/\\\/sylvangardens.hu\\\/#\\\/schema\\\/person\\\/1fb5e92265f56336b510365bfdcff060\"},\"alternateName\":\"VKM\",\"potentialAction\":[{\"@type\":\"SearchAction\",\"target\":{\"@type\":\"EntryPoint\",\"urlTemplate\":\"https:\\\/\\\/sylvangardens.hu\\\/?s={search_term_string}\"},\"query-input\":{\"@type\":\"PropertyValueSpecification\",\"valueRequired\":true,\"valueName\":\"search_term_string\"}}],\"inLanguage\":\"hu\"},{\"@type\":[\"Person\",\"Organization\"],\"@id\":\"https:\\\/\\\/sylvangardens.hu\\\/#\\\/schema\\\/person\\\/1fb5e92265f56336b510365bfdcff060\",\"name\":\"Varga Rich\u00e1rd\",\"image\":{\"@type\":\"ImageObject\",\"inLanguage\":\"hu\",\"@id\":\"https:\\\/\\\/sylvangardens.hu\\\/wp-content\\\/uploads\\\/2024\\\/01\\\/cropped-Logo-hands-on1600x800.png\",\"url\":\"https:\\\/\\\/sylvangardens.hu\\\/wp-content\\\/uploads\\\/2024\\\/01\\\/cropped-Logo-hands-on1600x800.png\",\"contentUrl\":\"https:\\\/\\\/sylvangardens.hu\\\/wp-content\\\/uploads\\\/2024\\\/01\\\/cropped-Logo-hands-on1600x800.png\",\"width\":240,\"height\":148,\"caption\":\"Varga Rich\u00e1rd\"},\"logo\":{\"@id\":\"https:\\\/\\\/sylvangardens.hu\\\/wp-content\\\/uploads\\\/2024\\\/01\\\/cropped-Logo-hands-on1600x800.png\"},\"sameAs\":[\"https:\\\/\\\/sylvangardens.hu\",\"https:\\\/\\\/www.facebook.com\\\/VargaKertMor\"]}]}<\/script>\n<!-- \/ Yoast SEO plugin. -->","yoast_head_json":{"title":"R\u00f3lunk - VargaKertM\u00f3r","robots":{"index":"index","follow":"follow","max-snippet":"max-snippet:-1","max-image-preview":"max-image-preview:large","max-video-preview":"max-video-preview:-1"},"canonical":"https:\/\/sylvangardens.hu\/?page_id=10","og_locale":"hu_HU","og_type":"article","og_title":"R\u00f3lunk - VargaKertM\u00f3r","og_description":"\u00dcdv\u00f6z\u00f6lj\u00fck a VargaKertM\u00f3r honlapj\u00e1n! V\u00e1llalkoz\u00e1sunk egy elk\u00f6telezett kert\u00e9p\u00edt\u0151 \u00e9s kertfenntart\u00f3 v\u00e1llalkoz\u00e1s, amely szenved\u00e9lyesen hisz abban, hogy a term\u00e9szet sz\u00e9ps\u00e9g\u00e9t \u00e9s harm\u00f3ni\u00e1j\u00e1t be lehet hozni a priv\u00e1t \u00e9letter\u00e9be. Magas sz\u00ednvonal\u00fa szolg\u00e1ltat\u00e1sainkkal \u00e9s kreat\u00edv megk\u00f6zel\u00edt\u00e9s\u00fcnkkel a VargaKertM\u00f3r csapata minden \u00fcgyfel\u00e9t egyedi \u00e9s leny\u0171g\u00f6z\u0151 kertekkel l\u00e1tja el. Mi\u00e9rt v\u00e1lasszon minket? Szolg\u00e1ltat\u00e1saink: A VargaKertM\u00f3r csapata izgatottan v\u00e1rja, hogy seg\u00edthessen [&hellip;]","og_url":"https:\/\/sylvangardens.hu\/?page_id=10","og_site_name":"VargaKertM\u00f3r","article_publisher":"https:\/\/www.facebook.com\/VargaKertMor","article_modified_time":"2024-01-28T10:38:21+00:00","twitter_card":"summary_large_image","twitter_misc":{"Becs\u00fclt olvas\u00e1si id\u0151":"2 perc"},"schema":{"@context":"https:\/\/schema.org","@graph":[{"@type":"WebPage","@id":"https:\/\/sylvangardens.hu\/?page_id=10","url":"https:\/\/sylvangardens.hu\/?page_id=10","name":"R\u00f3lunk - VargaKertM\u00f3r","isPartOf":{"@id":"https:\/\/sylvangardens.hu\/#website"},"datePublished":"2024-01-23T12:16:12+00:00","dateModified":"2024-01-28T10:38:21+00:00","breadcrumb":{"@id":"https:\/\/sylvangardens.hu\/?page_id=10#breadcrumb"},"inLanguage":"hu","potentialAction":[{"@type":"ReadAction","target":["https:\/\/sylvangardens.hu\/?page_id=10"]}]},{"@type":"BreadcrumbList","@id":"https:\/\/sylvangardens.hu\/?page_id=10#breadcrumb","itemListElement":[{"@type":"ListItem","position":1,"name":"Kezd\u0151lap","item":"https:\/\/sylvangardens.hu\/"},{"@type":"ListItem","position":2,"name":"R\u00f3lunk"}]},{"@type":"WebSite","@id":"https:\/\/sylvangardens.hu\/#website","url":"https:\/\/sylvangardens.hu\/","name":"VargaKertM\u00f3r","description":"Kert\u00e9szet \u00e9s Kert \u00e9s Park\u00e9p\u00edt\u00e9s","publisher":{"@id":"https:\/\/sylvangardens.hu\/#\/schema\/person\/1fb5e92265f56336b510365bfdcff060"},"alternateName":"VKM","potentialAction":[{"@type":"SearchAction","target":{"@type":"EntryPoint","urlTemplate":"https:\/\/sylvangardens.hu\/?s={search_term_string}"},"query-input":{"@type":"PropertyValueSpecification","valueRequired":true,"valueName":"search_term_string"}}],"inLanguage":"hu"},{"@type":["Person","Organization"],"@id":"https:\/\/sylvangardens.hu\/#\/schema\/person\/1fb5e92265f56336b510365bfdcff060","name":"Varga Rich\u00e1rd","image":{"@type":"ImageObject","inLanguage":"hu","@id":"https:\/\/sylvangardens.hu\/wp-content\/uploads\/2024\/01\/cropped-Logo-hands-on1600x800.png","url":"https:\/\/sylvangardens.hu\/wp-content\/uploads\/2024\/01\/cropped-Logo-hands-on1600x800.png","contentUrl":"https:\/\/sylvangardens.hu\/wp-content\/uploads\/2024\/01\/cropped-Logo-hands-on1600x800.png","width":240,"height":148,"caption":"Varga Rich\u00e1rd"},"logo":{"@id":"https:\/\/sylvangardens.hu\/wp-content\/uploads\/2024\/01\/cropped-Logo-hands-on1600x800.png"},"sameAs":["https:\/\/sylvangardens.hu","https:\/\/www.facebook.com\/VargaKertMor"]}]}},"_links":{"self":[{"href":"https:\/\/sylvangardens.hu\/index.php?rest_route=\/wp\/v2\/pages\/10","targetHints":{"allow":["GET"]}}],"collection":[{"href":"https:\/\/sylvangardens.hu\/index.php?rest_route=\/wp\/v2\/pages"}],"about":[{"href":"https:\/\/sylvangardens.hu\/index.php?rest_route=\/wp\/v2\/types\/page"}],"author":[{"embeddable":true,"href":"https:\/\/sylvangardens.hu\/index.php?rest_route=\/wp\/v2\/users\/1"}],"replies":[{"embeddable":true,"href":"https:\/\/sylvangardens.hu\/index.php?rest_route=%2Fwp%2Fv2%2Fcomments&post=10"}],"version-history":[{"count":5,"href":"https:\/\/sylvangardens.hu\/index.php?rest_route=\/wp\/v2\/pages\/10\/revisions"}],"predecessor-version":[{"id":170,"href":"https:\/\/sylvangardens.hu\/index.php?rest_route=\/wp\/v2\/pages\/10\/revisions\/170"}],"wp:attachment":[{"href":"https:\/\/sylvangardens.hu\/index.php?rest_route=%2Fwp%2Fv2%2Fmedia&parent=10"}],"curies":[{"name":"wp","href":"https:\/\/api.w.org\/{rel}","templated":true}]}}